*v. Let n be k(1). Suppose z + 5*s - 24 = 0, -4 = -n*z - s - 2. What are the prime factors of 1/z*-1 - -6?
7
Let k(z) be the first derivative of z**7/840 - z**6/72 - z**5/30 + z**3/3 + 1. Let c(m) be the third derivative of k(m). List the prime factors of c(6).
2, 3
Suppose 2*c - 3*b = 377, 0 = c - 3*b - 78 - 106. List the prime factors of c.
193
Suppose 2*h = -h. Let w be (-10 + h)*(-3)/6. Suppose -w*t = -5*p - 60, -t + 18 = 8*p - 3*p. What are the prime factors of t?
13
Let a(z) = -z + 2 + 1 + 3*z - 1. Let i be a(-4). Let g = i + 18. What are the prime factors of g?
2, 3
Let z = -4 - -6. Suppose 6*k - k = 5*w + 30, 0 = -4*k - z*w + 6. Suppose k*j - 16 - 26 = -3*l, -5*j = -4*l + 38. What are the prime factors of l?
2, 3
Let y be 1/(1 + 0)*4. Suppose 2*b - i = 51, -4*b + 159 = -y*i + 55. What are the prime factors of b?
5
Let r(o) = -2*o + 5. Let p be r(-7). Let x = -20 - -10. Let q = x + p. List the prime factors of q.
3
Suppose 4*a = -5*m + 152, -3*m - m + 115 = a. Let o = m - 10. What are the prime factors of o?
2, 3
Suppose 5*j = 4*m - 69, -6*j + 18 = 3*m - 3*j. List the prime factors of m.
11
Let z(l) = -l**2 + 38. Let x(a) = -3*a**2 + 76. Let f(o) = -2*x(o) + 5*z(o). What are the prime factors of f(0)?
2, 19
List the prime factors of 10/(-5) - 4*-4.
2, 7
Let h = -11 - -26. Suppose -5*j - 20 = -0*j - 4*s, 4*j = -3*s + h. Suppose -39 = -j*d - 3*d. What are the prime factors of d?
13
Let n be (-6)/(-9) - (-4)/(-6). Suppose -4*j + 15 + 5 = n. Suppose -12 = -j*g + 18. List the prime factors of g.
2, 3
Let d(f) = 2*f**2 - 5*f - 6. What are the prime factors of d(6)?
2, 3
Suppose 0 = -0*p - 3*p + 75. Suppose 0*q + q - p = 0. What are the prime factors of q?
5
Suppose -3*n - 34 - 26 = 0. Suppose -4*v = 20, 4*h + 5*v - 74 = h. Let p = h + n. What are the prime factors of p?
13
Suppose 2*g - 4*g + 22 = 0. Let i = 23 + g. Let o = -18 + i. What are the prime factors of o?
2
Let v(m) = -3*m**3 + 2*m**2 - m - 1. List the prime factors of v(-1).
5
Suppose -d = 5*j - 164, 5*d = -5*j + 2*j + 116. Suppose 0 = -2*g - 2*g + j. List the prime factors of g.
2
What are the prime factors of ((-49)/(-5))/(7/35)?
7
Let h(d) = d**3 - 4*d**2 - 7*d + 7. Let b be h(5). Let n be -1 - (-17 - b - 3). Let y = -7 + n. List the prime factors of y.
3
Suppose -6*p - 59 = -5. Let o = 17 - 4. Let g = p + o. List the prime factors of g.
2
Let w = 0 + 0. Suppose w*c - 4*c = 4*x - 32, 16 = 4*c. Suppose m - 2*m - 9 = -u, -x*u = -3*m - 38. List the prime factors of u.
11
Suppose -4*d + 16 = 0, -4*w - d = w - 84. What are the prime factors of w?
2
Suppose x + x = 5*s - 65, -3*x - 52 = -4*s. List the prime factors of s.
13
Let r = -23 + 57. List the prime factors of r.
2, 17
Let z = -81 + 47. Let i = 62 + z. What are the prime factors of i?
2, 7
Let a(o) = o**2 + 8. List the prime factors of a(-8).
2, 3
Let f be 1 - -2*(-3)/(-2). Let m = f - -1. What are the prime factors of m?
5
Suppose -159 = -3*g + 27. List the prime factors of g.
2, 31
Let u = -5 - -12. Suppose 5*g = 6*g - u. What are the prime factors of g?
7
Let u = 391 - 226. List the prime factors of u.
3, 5, 11
Suppose 0 = -a + 3*a - 170. Suppose -2*y = 13 - a. Suppose 0*u + y = 2*u. What are the prime factors of u?
2, 3
Let k = -1 + 3. Suppose -6*m + 4*j = -2*m - 8, -4*m - k = j. List the prime factors of (-5 - 1)/(-1 + m).
2, 3
Suppose 3*o = -0*o. Suppose o = 2*t - 5*t + 192. Suppose 2*j + 5*c + 3 = 52, 2*c = 3*j - t. List the prime factors of j.
2, 11
Suppose -16 = -4*f - 0*f. What are the prime factors of f/16*4 + 13?
2, 7
Let x be 0 + 3*8/6. Suppose m + 4*u = -4, -5*u - 57 = -x*m - 10. Suppose 3*k - 7 = m. List the prime factors of k.
5
Suppose 4*w = 332 + 104. List the prime factors of w.
109
Suppose -14 = -5*x + 11. Suppose -3*p + x*p - 18 = 0. What are the prime factors of p?
3
Let y(m) = m**3 + 10*m**2 - 13*m - 9. Let c be y(-11). Let z = c - 5. What are the prime factors of z?
2
Suppose -32 + 4 = -2*y. What are the prime factors of y?
2, 7
Let q(c) = -2*c**3 + 1. Let r be q(1). What are the prime factors of 10/2 - (4 + r)?
2
Let n = -1 + 7. Let c(a) = -1 - 5*a - 5*a**3 + n*a**2 + 13*a + 4*a**3. List the prime factors of c(7).
2, 3
Let n(z) be the first derivative of z**3 + 15*z**2 - 18*z - 1. Let s(y) = y**2 + 10*y - 6. Let b(p) = -6*n(p) + 17*s(p). What are the prime factors of b(-10)?
2, 3
Let d = 8 - 5. Suppose d*g - 33 = -l, -l + 42 = 3*g + 3*l. What are the prime factors of g?
2, 5
List the prime factors of -1 + 2 + (6 - 0).
7
Let l be (-8 - 4/(-2))*-3. Let t be ((-4)/6)/((-4)/l). Suppose -x = t*x - 20. What are the prime factors of x?
5
Let k(h) = -h + 4. Let w be k(1). Suppose -4*r + w*b = -141 - 29, -3*b - 211 = -5*r. What are the prime factors of r?
41
Let g be (-5)/((-3)/(-18)*2). List the prime factors of 22/6*g/(-5).
11
Suppose 0 = -3*c - z + 393, -5*z + 655 = 5*c - 10*z. What are the prime factors of c?
131
Let i(d) = -d**2 + 4*d + 2. Let b be i(-3). Let m = b - -45. Let u = m + -9. List the prime factors of u.
17
Let s(o) = 4*o**2 - 3*o + 5. Let k be s(-4). Suppose 3*h + 18 - k = 0. List the prime factors of h.
3, 7
List the prime factors of 3/(-7) - (-155)/35.
2
Let a(u) = 13*u**2 + u. Let h be a(-4). What are the prime factors of 4/(-10) - h/(-10)?
2, 5
Let o be (36/30)/(9/30). Suppose o*u = -5*k - 0*k + 157, -2*u = -3*k + 81. What are the prime factors of k?
29
Let u(i) = -40*i + 11. What are the prime factors of u(-3)?
131
Let c be (-2)/(-1*2 + 4). Let r = 2 + c. List the prime factors of (r - -12) + (-4)/4.
2, 3
Let q(r) = 42*r + 7. Let o(a) = -a - 1. Let y(l) = 6*o(l) + q(l). Let v be y(1). Suppose -4*t + 72 = 4*k, 0*t + 3*t + v = 4*k. List the prime factors of k.
13
Let l(b) = b**3 + b**2 + b + 347. List the prime factors of l(0).
347
Let h(y) be the third derivative of y**6/120 - y**5/10 + y**4/12 - 7*y**3/6 + 2*y**2. What are the prime factors of h(6)?
5
Let m(l) = -l**2 - 8*l + 3. Let a be m(-6). Let q be (-2 - 1)/(a/(-10)). Suppose -3*d - 5*z = -31, q*d - 4*z = 4*d - 22. List the prime factors of d.
7
Let g(i) = -i**3 + 5*i**2 + i - 3. Let k be g(5). Let y = 2 + k. What are the prime factors of y - 2 - (-11 - 0)?
13
Let a be 0/(-1 + -3 + 3). Suppose -64 = -2*k - a*k. Suppose 0 = -4*o + 4 + k. List the prime factors of o.
3
Let o = 5 + -9. Suppose 6 + 8 = 2*h. Let k = h + o. List the prime factors of k.
3
Suppose -7 + 1 = -2*k. Suppose 0 = g - k*g + 50. List the prime factors of g.
5
Suppose -5*x + 56 = -3*x. Suppose i + y = -3*y - 28, x = -4*i + 5*y. Let c = 19 + i. What are the prime factors of c?
7
Let h be (-6)/4*16/(-12). Suppose 8 = h*i + 2*g - 10, -i + 5*g = 21. List the prime factors of (-1*2)/((-1)/i).
2
Suppose 0 = -3*t - 2*t + 15. Let l = 1 - t. List the prime factors of (6/(-15))/(l/10).
2
Let i(a) = -a**3 + 6*a**2 + 2*a - 4. Let s be i(4). Suppose -d - 3*d = s. List the prime factors of 0 - 4*d/6.
2, 3
Let b(l) = 0 + 4*l - 1 - 2*l. Let q(s) = s**3 + 5*s**2 - s. Let z be q(-5). What are the prime factors of b(z)?
3
Let l(a) = 5*a + 4. What are the prime factors of l(10)?
2, 3
Let i be 54/8 - (-1)/4. Let j be (-2)/i + 32/14. Suppose -5*f - 2*d + 30 = 0, 5 - 17 = -j*f - d. List the prime factors of f.
2, 3
Suppose -3*w - 1 = -2*a + 1, 4*a + 16 = -4*w. Let r = -1 - w. Suppose 5*s - r = 9. List the prime factors of s.
2
Let g(p) = p**3 - 6*p**2 + 6*p. Let o be g(5). Suppose 3*y + 2*y = 25, -5*l = o*y - 225. What are the prime factors of l?
2, 5
Suppose -2 = -c - 1, -p - 3*c + 6 = 0. Suppose s - r = p*r - 7, -4*s = -5*r - 16. List the prime factors of s.
3
Suppose 3*v - 3*p = 6, -2*p = 4*v - 7*p - 9. Suppose 5*s - 111 = -v. Let x = -10 + s. List the prime factors of x.
2, 3
Let i(a) = 6*a**2 - 1. Suppose 0 = -2*r - 10, 3*r = 3*s + 2*r + 10. Let m = s + 6. What are the prime factors of i(m)?
5
Let n be -3 + -3 - -4 - -20. Suppose 2*l - 3*d = 2*d - 41, -2*l - d - 11 = 0. Let q = n + l. What are the prime factors of q?
2, 5
Let f(k) be the third derivative of k**4/24 + 2*k**3/3 + 2*k**2. Let b be f(-6). List the prime factors of (-1)/(b/12) + 0.
2, 3
Suppose -5*r + 4*a + 558 = 19, 0 = 3*r - 2*a - 325. What are the prime factors of r?
3, 37
Let n be 4 - (3 - 3 - -2). What are the prime factors of (n/3)/(2/72)?
2, 3
Let u(n) = -6*n**3 + 13*n**2 + 2*n - 2. Let p(s) = 5*s**3 - 12*s**2 -